osite number?
False
Is 27177 a prime number?
False
Is 4249 a composite number?
True
Is 178753 a prime number?
True
Is 701 prime?
True
Is 2632627 a composite number?
False
Is 18839 a composite number?
False
Is 751666 composite?
True
Is 422657 a composite number?
False
Is 2651 prime?
False
Is 48183 composite?
True
Is 7379 composite?
True
Is 1221221 a composite number?
False
Is 12589 a prime number?
True
Is 8915 composite?
True
Is 946805 prime?
False
Is 29717 a composite number?
False
Is 2039 prime?
True
Is 22613 composite?
False
Is 25923 a composite number?
True
Is 1780633 composite?
False
Is 1243 a prime number?
False
Is 34019 a composite number?
False
Is 21259 a composite number?
True
Is 146917 a prime number?
True
Is 675107 a composite number?
True
Is 8609 prime?
True
Is 12569 composite?
False
Is 105761 prime?
True
Is 1397 composite?
True
Is 199637 prime?
True
Is 4247 a composite number?
True
Is 31007 a composite number?
True
Is 3421 a composite number?
True
Is 25078 composite?
True
Is 97 composite?
False
Is 455281 a prime number?
False
Is 14642 a composite number?
True
Is 4855 a prime number?
False
Is 95257 a prime number?
True
Is 680263 composite?
False
Is 684311 composite?
False
Is 2531 a prime number?
True
Is 819367 prime?
True
Is 12226 composite?
True
Is 6245 prime?
False
Is 177347 prime?
True
Is 5666 a composite number?
True
Is 1725907 prime?
True
Is 55681 a prime number?
True
Is 7129 prime?
True
Is 299755 composite?
True
Is 115747 composite?
True
Is 207619 composite?
False
Is 32297 prime?
True
Is 144817 a composite number?
False
Is 131959 composite?
False
Is 53969 a composite number?
True
Is 488603 composite?
False
Is 3235 a composite number?
True
Is 29779 composite?
True
Is 139577 a prime number?
False
Is 254 prime?
False
Is 43117 a prime number?
True
Is 15261 a prime number?
False
Is 1518373 composite?
True
Is 66167 a prime number?
False
Is 25861 composite?
True
Is 3505 prime?
False
Is 1693 a prime number?
True
Is 16597 composite?
True
Is 435671 a prime number?
False
Is 1478 a prime number?
False
Is 181517 composite?
True
Is 34183 a composite number?
False
Is 94649 composite?
False
Is 20443 a composite number?
False
Is 1333297 prime?
False
Is 226871 composite?
False
Is 191 prime?
True
Is 89779 prime?
True
Is 313869 a prime number?
False
Is 537941 a composite number?
False
Is 33407 a prime number?
False
Is 10753 a composite number?
False
Is 286367 a prime number?
True
Is 472106 a composite number?
True
Is 737 a prime number?
False
Is 63197 composite?
False
Is 77417 composite?
False
Is 355981 composite?
True
Is 20609 a composite number?
True
Is 305401 composite?
False
Is 5163 a prime number?
False
Is 15563 composite?
True
Is 12793 a composite number?
True
Is 9271 a composite number?
True
Is 1139 prime?
False
Is 33379 a composite number?
True
Is 28643 composite?
False
Is 1827101 composite?
False
Is 17539 composite?
False
Is 110183 composite?
False
Is 803587 a prime number?
True
Is 41491 a composite number?
False
Is 6197 composite?
False
Is 380041 a composite number?
False
Is 900233 a composite number?
False
Is 28711 a prime number?
True
Is 10207 a prime number?
False
Is 26759 composite?
False
Is 14867 a prime number?
True
Is 11729 composite?
True
Is 243911 prime?
True
Is 223699 a prime number?
False
Is 9431 a composite number?
False
Is 8419 a prime number?
True
Is 2809 a prime number?
False
Is 19813 a prime number?
True
Is 197839 composite?
True
Is 781085 prime?
False
Is 61255 a prime number?
False
Is 177959 a prime number?
False
Is 82883 a composite number?
False
Is 264287 prime?
False
Is 71453 composite?
False
Is 829109 prime?
False
Is 338839 a prime number?
True
Is 376735 a composite number?
True
Is 250619 a composite number?
False
Is 55847 a prime number?
False
Is 262621 a composite number?
False
Is 949111 a composite number?
False
Is 12793 a prime number?
False
Is 64741 composite?
True
Is 52121 a prime number?
True
Is 23549 a prime number?
True
Is 200881 composite?
False
Is 203897 a composite number?
False
Is 738643 a composite number?
False
Is 28117 composite?
True
Is 37871 a prime number?
True
Is 81839 a composite number?
False
Is 2304455 prime?
False
Is 1924073 a composite number?
True
Is 12443 a composite number?
True
Is 2396333 prime?
True
Is 8419 a composite number?
False
Is 142 prime?
False
Is 2589 a composite number?
True
Is 447 a composite number?
True
Is 115399 composite?
False
Is 49165 composite?
True
Is 11789 a prime number?
True
Is 3450769 a prime number?
False
Is 2018 a composite number?
True
Is 853 a composite number?
False
Is 19105 a composite number?
True
Is 118369 prime?
True
Is 23861 prime?
False
Is 1081 a prime number?
False
Is 10007 a prime number?
True
Is 3937 composite?
True
Is 32869 a composite number?
False
Is 2721 a prime number?
False
Is 113647 prime?
True
Is 17291 prime?
True
Is 62333 composite?
True
Is 146573 composite?
True
Is 429299 composite?
True
Is 209555 composite?
True
Is 10721 composite?
True
Is 195089 a composite number?
False
Is 4607 a composite number?
True
Is 259967 a composite number?
False
Is 8191 composite?
False
Is 11549 prime?
True
Is 47935 a prime number?
False
Is 357473 prime?
True
Is 61483 a composite number?
False
Is 52829 prime?
False
Is 29567 composite?
False
Is 1096039 prime?
False
Is 2047 composite?
True
Is 853163 a prime number?
False
Is 5163 a composite number?
True
Is 556883 composite?
False
Is 6121 composite?
False
Is 35687 composite?
True
Is 226753 prime?
True
Is 15779 prime?
False
Is 83689 a prime number?
True
Is 12401 composite?
False
Is 23623 prime?
True
Is 83383 a prime number?
True
Is 4699 a composite number?
True
Is 9953 a prime number?
False
Is 50207 a prime number?
True
Is 1249 a composite number?
False
Is 2781411 a composite number?
True
Is 11545 a composite number?
True
Is 112339 composite?
False
Is 1151 composite?
False
Is 73189 composite?
False
Is 580513 prime?
True
Is 129841 a prime number?
True
Is 65498 a composite number?
True
Is 145949 prime?
True
Is 26665 prime?
False
Is 373447 a composite number?
False
Is 27059 composite?
False
Is 113359 prime?
True
Is 42027 prime?
False
Is 42593 a prime number?
False
Is 701699 a composite number?
False
Is 349919 composite?
False
Is 61781 a prime number?
True
Is 50311 a composite number?
False
Is 1189121 composite?
False
Is 34507 a prime number?
False
Is 3365 prime?
False
Is 20777 prime?
False
Is 6799565 prime?
False
Is 55307 prime?
False
Is 17231 a prime number?
True
Is 679 a prime number?
False
Is 5939 prime?
True
Is 187849 composite?
True
Is 165185 a prime number?
False
Is 11987 prime?
True
Is 6421 a composite number?
False
Is 655181 composite?
False
Is 53023 a composite number?
True
Is 87119 a composite number?
False
Is 356803 prime?
True
Is 4963 a composite number?
True
Is 4855 a prime number?
False
Is 99923 a composite number?
False
Is 294429 a composite number?
True
Is 11107 a prime number?
False
Is 90217 a composite number?
False
Is 12827 a prime number?
False
Is 2813 prime?
False
Is 69313 a composite number?
False
Is 15871 a prime number?
False
Is 2338403 prime?
True
Is 12269 a composite number?
False
Is 987293 prime?
True
Is 531901 a prime number?
True
Is 103 a prime number?
True
Is 197141 a prime number?
False
Is 18923 prime?
False
Is 24263 prime?
False
Is 929 a composite number?
False
Is 97103 composite?
False
Is 26453 a prime number?
False
Is 33481 composite?
True
Is 3143 a prime number?
False
Is 203 a prime number?
False
Is 589 composite?
True
Is 81509 composite?
False
Is 148055 a composite number?
True
Is 4597 prime?
True
Is 359477 a composite number?
False
Is 9517 composite?
True
Is 9057 composite?
True
Is 40381 composite?
True
Is 7171 prime?
False
Is 12713 a prime number?
True
Is 377393 composite?
False
Is 165729 a prime number?
False
Is 360419 prime?
False
Is 77929 a composite number?
False
Is 90494 prime?
False
Is 947171 composite?
False
Is 19069 a prime number?
True
Is 2622145 prime?
False
Is 42271 prime?
False
Is 10037 composite?
False
Is 4939 composite?
True
Is 32003 composite?
False
Is 515621 a composite number?
False
Is 1077158 composite?
True
Is 192379 a prime number?
False
Is 28319 composite?
False
Is 467651 prime?
True
Is 18899 composite?
False
Is 2939 a composite number?
False
Is 2543683 co